{"id":201,"date":"2025-04-16T18:59:49","date_gmt":"2025-04-16T21:59:49","guid":{"rendered":"https:\/\/meusistemanaweb.com.br\/concursoliterario\/?page_id=201"},"modified":"2025-05-05T09:32:11","modified_gmt":"2025-05-05T12:32:11","slug":"concurso-literario","status":"publish","type":"page","link":"https:\/\/educacao.luziania.go.gov.br\/concursoliterario\/","title":{"rendered":"Concurso Liter\u00e1rio"},"content":{"rendered":"\t\t<div data-elementor-type=\"wp-page\" data-elementor-id=\"201\" class=\"elementor elementor-201\" data-elementor-post-type=\"page\">\n\t\t\t\t<div class=\"elementor-element elementor-element-1c26980 e-flex e-con-boxed e-con e-parent\" data-id=\"1c26980\" data-element_type=\"container\" data-settings=\"{&quot;background_background&quot;:&quot;classic&quot;}\">\n\t\t\t\t\t<div class=\"e-con-inner\">\n\t\t<div class=\"elementor-element elementor-element-34f7ad5 e-con-full e-flex e-con e-child\" data-id=\"34f7ad5\" data-element_type=\"container\" data-settings=\"{&quot;background_background&quot;:&quot;classic&quot;}\">\n\t\t\t\t<div class=\"elementor-element elementor-element-37da7c4 elementor-widget elementor-widget-image\" data-id=\"37da7c4\" data-element_type=\"widget\" data-widget_type=\"image.default\">\n\t\t\t\t<div class=\"elementor-widget-container\">\n\t\t\t\t\t\t\t\t\t\t\t\t\t\t\t<img fetchpriority=\"high\" decoding=\"async\" width=\"300\" height=\"300\" src=\"https:\/\/educacao.luziania.go.gov.br\/concursoliterario\/wp-content\/uploads\/2025\/04\/nova-logo-pml.png\" class=\"attachment-large size-large wp-image-216\" alt=\"\" srcset=\"https:\/\/educacao.luziania.go.gov.br\/concursoliterario\/wp-content\/uploads\/2025\/04\/nova-logo-pml.png 300w, https:\/\/educacao.luziania.go.gov.br\/concursoliterario\/wp-content\/uploads\/2025\/04\/nova-logo-pml-150x150.png 150w\" sizes=\"(max-width: 300px) 100vw, 300px\" \/>\t\t\t\t\t\t\t\t\t\t\t\t\t\t\t<\/div>\n\t\t\t\t<\/div>\n\t\t\t\t<\/div>\n\t\t<div class=\"elementor-element elementor-element-9edee16 e-con-full e-flex e-con e-child\" data-id=\"9edee16\" data-element_type=\"container\">\n\t\t\t\t<div class=\"elementor-element elementor-element-9551a4f elementor-widget-mobile__width-initial elementor-widget elementor-widget-heading\" data-id=\"9551a4f\" data-element_type=\"widget\" data-widget_type=\"heading.default\">\n\t\t\t\t<div class=\"elementor-widget-container\">\n\t\t\t\t\t<h2 class=\"elementor-heading-title elementor-size-default\">Concurso Liter\u00e1rio<\/h2>\t\t\t\t<\/div>\n\t\t\t\t<\/div>\n\t\t\t\t<div class=\"elementor-element elementor-element-2c30e87 elementor-widget elementor-widget-heading\" data-id=\"2c30e87\" data-element_type=\"widget\" data-widget_type=\"heading.default\">\n\t\t\t\t<div class=\"elementor-widget-container\">\n\t\t\t\t\t<h2 class=\"elementor-heading-title elementor-size-default\">Luzi\u00e2nia e Bras\u00edlia, terras de JK.<\/h2>\t\t\t\t<\/div>\n\t\t\t\t<\/div>\n\t\t\t\t<\/div>\n\t\t<div class=\"elementor-element elementor-element-2a16610 e-con-full e-flex e-con e-child\" data-id=\"2a16610\" data-element_type=\"container\" data-settings=\"{&quot;background_background&quot;:&quot;classic&quot;}\">\n\t\t\t\t<div class=\"elementor-element elementor-element-82f0bc2 elementor-widget elementor-widget-image\" data-id=\"82f0bc2\" data-element_type=\"widget\" data-widget_type=\"image.default\">\n\t\t\t\t<div class=\"elementor-widget-container\">\n\t\t\t\t\t\t\t\t\t\t\t\t\t\t\t<img decoding=\"async\" width=\"300\" height=\"300\" src=\"https:\/\/educacao.luziania.go.gov.br\/concursoliterario\/wp-content\/uploads\/2025\/04\/nova-logo-educ.png\" class=\"attachment-large size-large wp-image-206\" alt=\"\" srcset=\"https:\/\/educacao.luziania.go.gov.br\/concursoliterario\/wp-content\/uploads\/2025\/04\/nova-logo-educ.png 300w, https:\/\/educacao.luziania.go.gov.br\/concursoliterario\/wp-content\/uploads\/2025\/04\/nova-logo-educ-150x150.png 150w\" sizes=\"(max-width: 300px) 100vw, 300px\" \/>\t\t\t\t\t\t\t\t\t\t\t\t\t\t\t<\/div>\n\t\t\t\t<\/div>\n\t\t\t\t<\/div>\n\t\t\t\t\t<\/div>\n\t\t\t\t<\/div>\n\t\t<div class=\"elementor-element elementor-element-9b38c8d e-flex e-con-boxed e-con e-parent\" data-id=\"9b38c8d\" data-element_type=\"container\">\n\t\t\t\t\t<div class=\"e-con-inner\">\n\t\t\t\t<div class=\"elementor-element elementor-element-60278e5 elementor-widget elementor-widget-shortcode\" data-id=\"60278e5\" data-element_type=\"widget\" data-widget_type=\"shortcode.default\">\n\t\t\t\t<div class=\"elementor-widget-container\">\n\t\t\t\t\t\t\t<div class=\"elementor-shortcode\"><div id='ff_form_10' class='ff_form_not_render'>O envio de novos formul\u00e1rios de inscri\u00e7\u00e3o e de reda\u00e7\u00f5es est\u00e3o encerrado no momento.<\/div><\/div>\n\t\t\t\t\t\t<\/div>\n\t\t\t\t<\/div>\n\t\t\t\t\t<\/div>\n\t\t\t\t<\/div>\n\t\t\t\t<\/div>\n\t\t","protected":false},"excerpt":{"rendered":"<p>Concurso Liter\u00e1rio Luzi\u00e2nia e Bras\u00edlia, terras de JK.<\/p>\n","protected":false},"author":1,"featured_media":0,"parent":0,"menu_order":0,"comment_status":"closed","ping_status":"closed","template":"elementor_canvas","meta":{"footnotes":""},"class_list":["post-201","page","type-page","status-publish","hentry"],"_links":{"self":[{"href":"https:\/\/educacao.luziania.go.gov.br\/concursoliterario\/wp-json\/wp\/v2\/pages\/201","targetHints":{"allow":["GET"]}}],"collection":[{"href":"https:\/\/educacao.luziania.go.gov.br\/concursoliterario\/wp-json\/wp\/v2\/pages"}],"about":[{"href":"https:\/\/educacao.luziania.go.gov.br\/concursoliterario\/wp-json\/wp\/v2\/types\/page"}],"author":[{"embeddable":true,"href":"https:\/\/educacao.luziania.go.gov.br\/concursoliterario\/wp-json\/wp\/v2\/users\/1"}],"replies":[{"embeddable":true,"href":"https:\/\/educacao.luziania.go.gov.br\/concursoliterario\/wp-json\/wp\/v2\/comments?post=201"}],"version-history":[{"count":192,"href":"https:\/\/educacao.luziania.go.gov.br\/concursoliterario\/wp-json\/wp\/v2\/pages\/201\/revisions"}],"predecessor-version":[{"id":400,"href":"https:\/\/educacao.luziania.go.gov.br\/concursoliterario\/wp-json\/wp\/v2\/pages\/201\/revisions\/400"}],"wp:attachment":[{"href":"https:\/\/educacao.luziania.go.gov.br\/concursoliterario\/wp-json\/wp\/v2\/media?parent=201"}],"curies":[{"name":"wp","href":"https:\/\/api.w.org\/{rel}","templated":true}]}}