{"id":609,"date":"2021-07-30T09:49:18","date_gmt":"2021-07-30T12:49:18","guid":{"rendered":"https:\/\/educacao.luziania.go.gov.br\/transporte\/?page_id=609"},"modified":"2021-07-30T10:43:15","modified_gmt":"2021-07-30T13:43:15","slug":"politica-de-privacidade","status":"publish","type":"page","link":"https:\/\/educacao.luziania.go.gov.br\/transporte\/politica-de-privacidade\/","title":{"rendered":"Pol\u00edtica de Privacidade"},"content":{"rendered":"\t\t<div data-elementor-type=\"wp-page\" data-elementor-id=\"609\" class=\"elementor elementor-609\" data-elementor-post-type=\"page\">\n\t\t\t\t\t\t<section class=\"elementor-section elementor-top-section elementor-element elementor-element-4c48142 elementor-section-boxed elementor-section-height-default elementor-section-height-default\" data-id=\"4c48142\" data-element_type=\"section\">\n\t\t\t\t\t\t<div class=\"elementor-container elementor-column-gap-default\">\n\t\t\t\t\t<div class=\"elementor-column elementor-col-100 elementor-top-column elementor-element elementor-element-c744bde\" data-id=\"c744bde\" data-element_type=\"column\">\n\t\t\t<div class=\"elementor-widget-wrap elementor-element-populated\">\n\t\t\t\t\t\t<div class=\"elementor-element elementor-element-8573ec0 elementor-widget elementor-widget-heading\" data-id=\"8573ec0\" data-element_type=\"widget\" data-widget_type=\"heading.default\">\n\t\t\t\t<div class=\"elementor-widget-container\">\n\t\t\t\t\t<h2 class=\"elementor-heading-title elementor-size-default\">Pol\u00edtica e termos de uso e privacidade<\/h2>\t\t\t\t<\/div>\n\t\t\t\t<\/div>\n\t\t\t\t\t<\/div>\n\t\t<\/div>\n\t\t\t\t\t<\/div>\n\t\t<\/section>\n\t\t\t\t<section class=\"elementor-section elementor-top-section elementor-element elementor-element-16a607a elementor-section-boxed elementor-section-height-default elementor-section-height-default\" data-id=\"16a607a\" data-element_type=\"section\">\n\t\t\t\t\t\t<div class=\"elementor-container elementor-column-gap-default\">\n\t\t\t\t\t<div class=\"elementor-column elementor-col-100 elementor-top-column elementor-element elementor-element-3063e6c\" data-id=\"3063e6c\" data-element_type=\"column\">\n\t\t\t<div class=\"elementor-widget-wrap elementor-element-populated\">\n\t\t\t\t\t\t<div class=\"elementor-element elementor-element-ad11575 elementor-widget elementor-widget-text-editor\" data-id=\"ad11575\" data-element_type=\"widget\" data-widget_type=\"text-editor.default\">\n\t\t\t\t<div class=\"elementor-widget-container\">\n\t\t\t\t\t\t\t\t\t<p><strong>Portal e Aplicativos da SMEL <\/strong><\/p><p>No s\u00edtio da <strong>Secretaria Municipal de Educa\u00e7\u00e3o (SMEL)<\/strong> e seus aplicativos , s\u00e3o adotadas pr\u00e1ticas que visam proporcionar ao usu\u00e1rio acesso \u00e0s informa\u00e7\u00f5es institucionais com privacidade e credibilidade.<\/p><p>Este documento, que tem como objetivo apresentar a pol\u00edtica de privacidade e os termos de uso da <strong>Secretaria Municipal de Educa\u00e7\u00e3o (SMEL)<\/strong> e dos seus aplicativos, pode ser alterado a qualquer momento. Desse modo, recomenda-se que seja consultado com regularidade e verificada a data de modifica\u00e7\u00e3o, no trecho \u201cAtualizado em\u201d.<\/p><p><strong><em>Links<\/em>\u00a0para outros s\u00edtios<\/strong><\/p><p>O s\u00edtio da <strong>Secretaria Municipal de Educa\u00e7\u00e3o (SMEL)<\/strong> cont\u00e9m\u00a0<em>links<\/em> para outros s\u00edtios. No entanto, esta Secretaria n\u00e3o se responsabiliza pela pol\u00edtica de privacidade ou pelo conte\u00fado destes.<\/p><p>Leia a pol\u00edtica de privacidade do s\u00edtio que acessar a partir deste portal.<\/p><p><strong>Dados<\/strong><\/p><p>Ao acessar este s\u00edtio e os aplicativos da <strong>Secretaria Municipal de Educa\u00e7\u00e3o (SMEL)<\/strong>, o usu\u00e1rio autoriza a coleta e a utiliza\u00e7\u00e3o de informa\u00e7\u00f5es para os fins descritos nesta pol\u00edtica de privacidade.<\/p><p>Esses dados ser\u00e3o usados exclusivamente para os servi\u00e7os prestados por essas ferramentas, de modo a tornar a navega\u00e7\u00e3o mais produtiva. A <strong>Secretaria Municipal de Educa\u00e7\u00e3o (SMEL)<\/strong> se compromete a n\u00e3o repass\u00e1-los para outras finalidades ou para terceiros.<\/p><p>As informa\u00e7\u00f5es de cadastro e senha s\u00e3o de uso exclusivo do internauta, por isso tamb\u00e9m n\u00e3o deve repass\u00e1-las para terceiros.<\/p><p>Alguns aplicativos da<strong> Secretaria Municipal de Educa\u00e7\u00e3o (SMEL)<\/strong> e o s\u00edtio da <strong>SMEL<\/strong> utilizam dados coletados apenas para fins estat\u00edsticos e aprimoramento da experi\u00eancia do usu\u00e1rio.<\/p><p><strong><em>Cookies<\/em><\/strong><\/p><p>Em alguns aplicativos da<strong> Secretaria Municipal de Educa\u00e7\u00e3o (SMEL)<\/strong>, podem ser armazenados cookies, pequenos arquivos de texto que guardam determinados dados sobre o usu\u00e1rio no navegador. Por meio deles, s\u00e3o coletadas, automaticamente, informa\u00e7\u00f5es sobre seu endere\u00e7o IP, tipo de navegador, sistema operacional, p\u00e1ginas visitadas, dura\u00e7\u00e3o da visita, entre outras.<\/p><p>A utiliza\u00e7\u00e3o dos\u00a0<em>cookies<\/em>\u00a0tamb\u00e9m \u00e9 necess\u00e1ria para o processamento de consulta em determinadas bases de dados, evitando a a\u00e7\u00e3o de mecanismos de pesquisa autom\u00e1ticos. Para que a consulta seja realizada, o navegador do usu\u00e1rio deve estar habilitado para grava\u00e7\u00e3o de cookies.<\/p><p>Aplicativos<\/p><p><strong>Termos de uso<\/strong><\/p><p>O uso da logomarca da <strong>SMEL<\/strong> \u00e9 exclusivo, sendo vedada sua utiliza\u00e7\u00e3o para qualquer fim por terceiros.<\/p><p>\u00c9 permitida a reprodu\u00e7\u00e3o total ou parcial, sem fins lucrativos, do conte\u00fado deste s\u00edtio e dos aplicativos da<strong> Secretaria Municipal de Educa\u00e7\u00e3o (SMEL)<\/strong>, desde que citada a fonte e mantida a integridade das informa\u00e7\u00f5es. Tamb\u00e9m \u00e9 autorizada a inser\u00e7\u00e3o de\u00a0<em>links<\/em>\u00a0do s\u00edtio da <strong>SMEL<\/strong> em outros s\u00edtios desde que observado o seguinte:\u00a0<\/p><ul><li>A<strong> SMEL<\/strong> n\u00e3o se responsabiliza por altera\u00e7\u00f5es promovidas nos\u00a0<em>links<\/em>\u00a0do seu s\u00edtio.<\/li><li>N\u00e3o \u00e9 permitido a nenhum dom\u00ednio utilizar, como p\u00e1gina inicial, o acesso direto \u00e0 p\u00e1gina inicial do s\u00edtio da <strong>SMEL<\/strong>.<\/li><\/ul>\t\t\t\t\t\t\t\t<\/div>\n\t\t\t\t<\/div>\n\t\t\t\t\t<\/div>\n\t\t<\/div>\n\t\t\t\t\t<\/div>\n\t\t<\/section>\n\t\t\t\t<\/div>\n\t\t","protected":false},"excerpt":{"rendered":"<p>Pol\u00edtica e termos de uso e privacidade Portal e Aplicativos da SMEL No s\u00edtio da Secretaria Municipal de Educa\u00e7\u00e3o (SMEL) e seus aplicativos , s\u00e3o adotadas pr\u00e1ticas que visam proporcionar ao usu\u00e1rio acesso \u00e0s informa\u00e7\u00f5es institucionais com privacidade e credibilidade. Este documento, que tem como objetivo apresentar a pol\u00edtica de privacidade e os termos de [&hellip;]<\/p>\n","protected":false},"author":1,"featured_media":0,"parent":0,"menu_order":0,"comment_status":"closed","ping_status":"closed","template":"","meta":{"footnotes":""},"class_list":["post-609","page","type-page","status-publish","hentry"],"_links":{"self":[{"href":"https:\/\/educacao.luziania.go.gov.br\/transporte\/wp-json\/wp\/v2\/pages\/609","targetHints":{"allow":["GET"]}}],"collection":[{"href":"https:\/\/educacao.luziania.go.gov.br\/transporte\/wp-json\/wp\/v2\/pages"}],"about":[{"href":"https:\/\/educacao.luziania.go.gov.br\/transporte\/wp-json\/wp\/v2\/types\/page"}],"author":[{"embeddable":true,"href":"https:\/\/educacao.luziania.go.gov.br\/transporte\/wp-json\/wp\/v2\/users\/1"}],"replies":[{"embeddable":true,"href":"https:\/\/educacao.luziania.go.gov.br\/transporte\/wp-json\/wp\/v2\/comments?post=609"}],"version-history":[{"count":26,"href":"https:\/\/educacao.luziania.go.gov.br\/transporte\/wp-json\/wp\/v2\/pages\/609\/revisions"}],"predecessor-version":[{"id":732,"href":"https:\/\/educacao.luziania.go.gov.br\/transporte\/wp-json\/wp\/v2\/pages\/609\/revisions\/732"}],"wp:attachment":[{"href":"https:\/\/educacao.luziania.go.gov.br\/transporte\/wp-json\/wp\/v2\/media?parent=609"}],"curies":[{"name":"wp","href":"https:\/\/api.w.org\/{rel}","templated":true}]}}

Política de Privacidade

<div data-elementor-type="wp-page" data-elementor-id="609" class="elementor elementor-609" data-elementor-post-type="page">
						<section class="elementor-section elementor-top-section elementor-element elementor-element-4c48142 elementor-section-boxed elementor-section-height-default elementor-section-height-default" data-id="4c48142" data-element_type="section">
						<div class="elementor-container elementor-column-gap-default">
					<div class="elementor-column elementor-col-100 elementor-top-column elementor-element elementor-element-c744bde" data-id="c744bde" data-element_type="column">
			<div class="elementor-widget-wrap elementor-element-populated">
						<div class="elementor-element elementor-element-8573ec0 elementor-widget elementor-widget-heading" data-id="8573ec0" data-element_type="widget" data-widget_type="heading.default">
				<div class="elementor-widget-container">
					<h2 class="elementor-heading-title elementor-size-default">Política e termos de uso e privacidade</h2>				</div>
				</div>
					</div>
		</div>
					</div>
		</section>
				<section class="elementor-section elementor-top-section elementor-element elementor-element-16a607a elementor-section-boxed elementor-section-height-default elementor-section-height-default" data-id="16a607a" data-element_type="section">
						<div class="elementor-container elementor-column-gap-default">
					<div class="elementor-column elementor-col-100 elementor-top-column elementor-element elementor-element-3063e6c" data-id="3063e6c" data-element_type="column">
			<div class="elementor-widget-wrap elementor-element-populated">
						<div class="elementor-element elementor-element-ad11575 elementor-widget elementor-widget-text-editor" data-id="ad11575" data-element_type="widget" data-widget_type="text-editor.default">
				<div class="elementor-widget-container">
									<p><strong>Portal e Aplicativos da SMEL </strong></p><p>No sítio da <strong>Secretaria Municipal de Educação (SMEL)</strong> e seus aplicativos , são adotadas práticas que visam proporcionar ao usuário acesso às informações institucionais com privacidade e credibilidade.</p><p>Este documento, que tem como objetivo apresentar a política de privacidade e os termos de uso da <strong>Secretaria Municipal de Educação (SMEL)</strong> e dos seus aplicativos, pode ser alterado a qualquer momento. Desse modo, recomenda-se que seja consultado com regularidade e verificada a data de modificação, no trecho “Atualizado em”.</p><p><strong><em>Links</em> para outros sítios</strong></p><p>O sítio da <strong>Secretaria Municipal de Educação (SMEL)</strong> contém <em>links</em> para outros sítios. No entanto, esta Secretaria não se responsabiliza pela política de privacidade ou pelo conteúdo destes.</p><p>Leia a política de privacidade do sítio que acessar a partir deste portal.</p><p><strong>Dados</strong></p><p>Ao acessar este sítio e os aplicativos da <strong>Secretaria Municipal de Educação (SMEL)</strong>, o usuário autoriza a coleta e a utilização de informações para os fins descritos nesta política de privacidade.</p><p>Esses dados serão usados exclusivamente para os serviços prestados por essas ferramentas, de modo a tornar a navegação mais produtiva. A <strong>Secretaria Municipal de Educação (SMEL)</strong> se compromete a não repassá-los para outras finalidades ou para terceiros.</p><p>As informações de cadastro e senha são de uso exclusivo do internauta, por isso também não deve repassá-las para terceiros.</p><p>Alguns aplicativos da<strong> Secretaria Municipal de Educação (SMEL)</strong> e o sítio da <strong>SMEL</strong> utilizam dados coletados apenas para fins estatísticos e aprimoramento da experiência do usuário.</p><p><strong><em>Cookies</em></strong></p><p>Em alguns aplicativos da<strong> Secretaria Municipal de Educação (SMEL)</strong>, podem ser armazenados cookies, pequenos arquivos de texto que guardam determinados dados sobre o usuário no navegador. Por meio deles, são coletadas, automaticamente, informações sobre seu endereço IP, tipo de navegador, sistema operacional, páginas visitadas, duração da visita, entre outras.</p><p>A utilização dos <em>cookies</em> também é necessária para o processamento de consulta em determinadas bases de dados, evitando a ação de mecanismos de pesquisa automáticos. Para que a consulta seja realizada, o navegador do usuário deve estar habilitado para gravação de cookies.</p><p>Aplicativos</p><p><strong>Termos de uso</strong></p><p>O uso da logomarca da <strong>SMEL</strong> é exclusivo, sendo vedada sua utilização para qualquer fim por terceiros.</p><p>É permitida a reprodução total ou parcial, sem fins lucrativos, do conteúdo deste sítio e dos aplicativos da<strong> Secretaria Municipal de Educação (SMEL)</strong>, desde que citada a fonte e mantida a integridade das informações. Também é autorizada a inserção de <em>links</em> do sítio da <strong>SMEL</strong> em outros sítios desde que observado o seguinte: </p><ul><li>A<strong> SMEL</strong> não se responsabiliza por alterações promovidas nos <em>links</em> do seu sítio.</li><li>Não é permitido a nenhum domínio utilizar, como página inicial, o acesso direto à página inicial do sítio da <strong>SMEL</strong>.</li></ul>								</div>
				</div>
					</div>
		</div>
					</div>
		</section>
				</div>

<p>Política e termos de uso e privacidade Portal e Aplicativos da SMEL No sítio da Secretaria Municipal de Educação (SMEL) e seus aplicativos , são adotadas práticas que visam proporcionar ao usuário acesso às informações institucionais com privacidade e credibilidade. Este documento, que tem como objetivo apresentar a política de privacidade e os termos de [&hellip;]</p>
